vided by 13150?
843
What is the remainder when 92288 is divided by 6460?
1848
What is the remainder when 1007657 is divided by 335850?
107
Calculate the remainder when 585084 is divided by 292528.
28
What is the remainder when 440717 is divided by 415?
402
What is the remainder when 7979813 is divided by 277?
274
Calculate the remainder when 612905994 is divided by 578.
574
Calculate the remainder when 2042840 is divided by 1082.
24
What is the remainder when 5476887 is divided by 30?
27
What is the remainder when 187613 is divided by 3608?
3605
What is the remainder when 943879 is divided by 21450?
79
What is the remainder when 259774 is divided by 168?
46
Calculate the remainder when 50408 is divided by 241.
39
Calculate the remainder when 340724 is divided by 30948.
296
What is the remainder when 1506682 is divided by 55802?
28
What is the remainder when 2166529 is divided by 227?
41
What is the remainder when 3755815 is divided by 382?
373
Calculate the remainder when 5455195 is divided by 1.
0
What is the remainder when 11157090 is divided by 5578518?
54
Calculate the remainder when 909640 is divided by 303059.
463
Calculate the remainder when 79330860 is divided by 4185.
0
What is the remainder when 430412 is divided by 3141?
95
Calculate the remainder when 3164506 is divided by 151.
150
What is the remainder when 3753758 is divided by 1365?
8
Calculate the remainder when 538653 is divided by 89702.
441
Calculate the remainder when 790878 is divided by 9533.
9172
What is the remainder when 15852981 is divided by 15852944?
37
What is the remainder when 1149624 is divided by 8514?
234
Calculate the remainder when 8334862 is divided by 201.
196
What is the remainder when 710263 is divided by 88758?
199
Calculate the remainder when 106036 is divided by 105167.
869
What is the remainder when 54910938 is divided by 352?
346
What is the remainder when 72716 is divided by 615?
146
What is the remainder when 26103213 is divided by 166?
45
What is the remainder when 16058596 is divided by 117?
112
What is the remainder when 299136 is divided by 775?
761
What is the remainder when 67265 is divided by 2035?
110
What is the remainder when 71918 is divided by 3141?
2816
Calculate the remainder when 1216631 is divided by 127.
98
Calculate the remainder when 65005 is divided by 243.
124
What is the remainder when 821143 is divided by 136848?
55
What is the remainder when 54642 is divided by 3309?
1698
What is the remainder when 9046497 is divided by 516?
501
Calculate the remainder when 47262 is divided by 11674.
566
Calculate the remainder when 11796305 is divided by 6425.
5
Calculate the remainder when 496354 is divided by 165448.
10
Calculate the remainder when 9614996 is divided by 3581.
11
Calculate the remainder when 1011407 is divided by 2580.
47
What is the remainder when 776375 is divided by 2353?
2238
Calculate the remainder when 16787357 is divided by 2053.
2029
What is the remainder when 3009063 is divided by 391?
318
Calculate the remainder when 294297351 is divided by 422841.
15
Calculate the remainder when 22376959 is divided by 14.
3
Calculate the remainder when 331547 is divided by 165705.
137
Calculate the remainder when 1508332385 is divided by 5034.
5033
Calculate the remainder when 36222 is divided by 1297.
1203
Calculate the remainder when 3113030 is divided by 90.
20
Calculate the remainder when 6870502 is divided by 34873.
521
Calculate the remainder when 3957117 is divided by 7301.
7276
Calculate the remainder when 42429 is divided by 13980.
489
What is the remainder when 193584681 is divided by 4433?
4
What is the remainder when 548153 is divided by 547368?
785
What is the remainder when 733103 is divided by 67?
56
What is the remainder when 4474929 is divided by 462?
459
Calculate the remainder when 49577855 is divided by 47262.
17
Calculate the remainder when 17857 is divided by 3025.
2732
Calculate the remainder when 18110020 is divided by 1690.
1670
Calculate the remainder when 2674558 is divided by 355.
343
What is the remainder when 10752071 is divided by 5375896?
279
Calculate the remainder when 224374 is divided by 3.
1
Calculate the remainder when 67828270 is divided by 4239266.
14
Calculate the remainder when 9443431 is divided by 3147807.
10
What is the remainder when 76691939 is divided by 156?
155
What is the remainder when 4182723 is divided by 5518?
79
What is the remainder when 1058083 is divided by 527492?
3099
Calculate the remainder when 21174439 is divided by 3218.
3217
What is the remainder when 378940272 is divided by 2565?
2562
What is the remainder when 13595129 is divided by 27?
8
What is the remainder when 80139 is divided by 702?
111
What is the remainder when 23815266 is divided by 47918?
20
Calculate the remainder when 3421388 is divided by 24.
20
Calculate the remainder when 44672990 is divided by 667.
665
Calculate the remainder when 885901691 is divided by 19.
15
Calculate the remainder when 1046340 is divided by 24.
12
Calculate the remainder when 432003 is divided by 9809.
407
What is the remainder when 885236 is divided by 696?
620
Calculate the remainder when 244518789 is divided by 81506260.
9
Calculate the remainder when 14759091 is divided by 98.
95
What is the remainder when 34682133 is divided by 1060?
1053
Calculate the remainder when 113523 is divided by 261.
249
Calculate the remainder when 25252 is divided by 25247.
5
What is the remainder when 20854415 is divided by 6977?
162
What is the remainder when 55764 is divided by 1249?
808
Calculate the remainder when 1545391 is divided by 66.
1
Calculate the remainder when 633673 is divided by 735.
103
What is the remainder when 189721 is divided by 4402?
435
Calculate the remainder when 10530550 is divided by 743.
11
Calculate the remainder when 73603 is divided by 1270.
1213
Calculate the remainder when 587547 is divided by 195709.
420
What is the remainder when 7571117 is divided by 582393?
8
What is the remainder when 120114682 is divided by 5388?
5386
What is the remainder when 49674 is divided by 2091?
1581
Calculate the remainder when 3510937 is divided by 1006.
1003
What is the remainder when 339912 is divided by 13061?
326
What is the remainder when 299941 is divided by 704?
37
What is the remainder when 66858 is divided by 3342?
18
What is the remainder when 241242764 is divided by 828?
824
What is the remainder when 107178 is divided by 4270?
428
What is the remainder when 268997 is divided by 53558?
1207
Calculate the remainder when 456250706 is divided by 1089.
1088
What is the remainder when 1522412 is divided by 761176?
60
Calculate the remainder when 4593956 is divided by 4631.
4
What is the remainder when 10776444 is divided by 5388219?
6
What is the remainder when 52430 is divided by 1457?
1435
What is the remainder when 147142 is divided by 6125?
142
Calculate the remainder when 185635265 is divided by 14.
11
What is the remainder when 99580 is divided by 96?
28
Calculate the remainder when 19714992 is divided by 658.
654
Calculate the remainder when 2672063 is divided by 1434.
521
What is the remainder when 30771 is divided by 1110?
801
Calculate the remainder when 430016 is divided by 371.
27
Calculate the remainder when 145126 is divided by 1423.
1403
What is the remainder when 2183200 is divided by 39?
19
Calculate the remainder when 4525352 is divided by 2262648.
56
What is the remainder when 1276060 is divided by 21?
16
What is the remainder when 327409 is divided by 1860?
49
Calculate the remainder when 310668 is divided by 110.
28
Calculate the remainder when 851528 is divided by 425751.
26
Calculate the remainder when 91162830 is divided by 29.
25
What is the remainder when 57096422 is divided by 118?
116
Calculate the remainder when 251090 is divided by 125539.
12
Calculate the remainder when 3767684 is divided by 1837.
1834
What is the remainder when 3843395 is divided by 228?
227
What is the remainder when 49111 is divided by 3465?
601
Calculate the remainder when 156905 is divided by 620.
45
What is the remainder when 35627697 is divided by 98?
91
Calculate the remainder when 58106135 is divided by 11051.
11028
Calculate the remainder when 32834567 is divided by 67840.
7
Calculate the remainder when 540